{"id":134945,"date":"2022-10-27T15:15:21","date_gmt":"2022-10-27T13:15:21","guid":{"rendered":"https:\/\/www.smartexstore.it\/b2b\/?post_type=product&#038;p=134945"},"modified":"2025-02-14T15:14:30","modified_gmt":"2025-02-14T14:14:30","slug":"display-iphone-7-tft-nero-a-singolo-strato-in-cell-ty-bettery","status":"publish","type":"product","link":"https:\/\/www.smartexstore.it\/b2b\/prodotto\/display\/iphone-lcd\/display-in-cell-iphone\/display-iphone-7-tft-nero-a-singolo-strato-in-cell-ty-bettery\/","title":{"rendered":"Display iPhone 7 TFT (Nero) a singolo strato In-Cell TY BETTERY"},"content":{"rendered":"<p>Display iPhone 7 TFT con tecnologia a singolo strato In-Cell.<\/p>\n<p>Il Display a singolo strato In-Cell \u00e8 compatibile con iPhone 7. Il digitalizzatore ed il pannello TFT sono integrati in un singolo strato.<br \/>\nOltre a un minor peso e spessore, la digitazione risulta pi\u00f9 sensibile, pi\u00f9 fluida e sicuramente pi\u00f9 reattiva.<\/p>\n<p>I nostri display vengono montati con i migliori componenti presenti sul mercato. Il Display per iPhone include anche gli anelli distanziatori per fotocamera e sensore di presenza. La presenza di questi componenti semplifica considerevolmente il montaggio e riduce il tempo necessario all&#8217; installazione.<\/p>\n<p>Colore: Nero<\/p>\n<hr \/>\n<h5>Codici<\/h5>\n<p>I seguenti codici si trovano sul retro del vostro smartphone e rappresentano i modelli compatibili alla parte di ricambio:<\/p>\n<ul>\n<li><b>iPhone 7 <\/b>(A1660, A1778, A1779)<b><br \/>\n<\/b><\/li>\n<\/ul>\n<hr \/>\n<h5>Perch\u00e9 sceglierla?<\/h5>\n<p>Tutte le parti di ricambio sono prodotte da fornitori terzisti certificati, rispettando gli alti livelli qualitativi che ci siamo prefissati. Infatti la produzione \u00e8 eseguita da aziende qualificate direttamente dai nostri ingegneri. Inoltre ogni anno sono eseguiti 2 sopralluoghi sulle linee di produzione, per verificare il rispetto degli standard qualitativi. I prodotti vengono singolarmente testati in fase di produzione. Oltre a questo, \u00e8 eseguita una seconda fase di test a campione presso i nostri magazzini.<\/p>\n<hr \/>\n<h5>Oltre al Display iPhone 7 TFT \u00a0In-Cell hai bisogno anche di altro?<\/h5>\n<p><a href=\"https:\/\/www.smartexstore.it\/b2b\/tag-prodotto\/iphone-7\/\" target=\"_blank\" rel=\"noopener\"><strong>Altri componenti e accessori per iPhone 7<\/strong><\/a><\/p>\n<hr \/>\n<h5><span style=\"color: #000000;\">Per saperne di pi\u00f9, ti consigliamo di leggere il seguente articolo<\/span><\/h5>\n<blockquote class=\"wp-embedded-content\" data-secret=\"7Ex2hpCRAR\"><p><a href=\"https:\/\/www.smartexstore.it\/b2b\/category\/notizie\/cosa-e-un-display-in-cell\/\">Cosa \u00e8 un display IN-CELL?<\/a><\/p><\/blockquote>\n<p><iframe class=\"wp-embedded-content lazyload\" sandbox=\"allow-scripts\" security=\"restricted\" style=\"position: absolute; visibility: hidden;\" title=\"&#8220;Cosa \u00e8 un display IN-CELL?&#8221; &#8212; B2B Smartex Store\" data-src=\"https:\/\/www.smartexstore.it\/b2b\/category\/notizie\/cosa-e-un-display-in-cell\/embed\/#?secret=XVnD3kDcTy#?secret=7Ex2hpCRAR\" data-secret=\"7Ex2hpCRAR\" width=\"600\" height=\"338\" frameborder=\"0\" marginwidth=\"0\" marginheight=\"0\" scrolling=\"no\" src=\"data:image\/svg+xml;base64,PHN2ZyB3aWR0aD0iMSIgaGVpZ2h0PSIxIiB4bWxucz0iaHR0cDovL3d3dy53My5vcmcvMjAwMC9zdmciPjwvc3ZnPg==\" data-load-mode=\"1\"><\/iframe><\/p>\n<hr \/>\n<h5><a href=\"https:\/\/www.facebook.com\/smartexstore\/\" target=\"_blank\" rel=\"noopener noreferrer\">Seguici su Facebook<\/a><\/h5>\n","protected":false},"excerpt":{"rendered":"<p>Se concludi l\u2019acquisto entro le 16:00 ricevi il prodotto in 24 ore lavorative, isole e localit\u00e0 remote escluse<\/p>\n","protected":false},"featured_media":135954,"comment_status":"open","ping_status":"closed","template":"","meta":{"inline_featured_image":false,"_exactmetrics_skip_tracking":false,"_exactmetrics_sitenote_active":false,"_exactmetrics_sitenote_note":"","_exactmetrics_sitenote_category":0},"product_brand":[],"product_cat":[376],"product_tag":[772,773,774,2201,1378,1380,138],"class_list":{"0":"post-134945","1":"product","2":"type-product","3":"status-publish","4":"has-post-thumbnail","6":"product_cat-display-in-cell-iphone","7":"product_tag-a1660","8":"product_tag-a1778","9":"product_tag-a1779","10":"product_tag-apple","11":"product_tag-display-in-cell","12":"product_tag-display-tft","13":"product_tag-iphone-7","15":"first","16":"instock","17":"taxable","18":"shipping-taxable","19":"purchasable","20":"product-type-simple"},"yoast_head":"<!-- This site is optimized with the Yoast SEO plugin v26.8 - https:\/\/yoast.com\/product\/yoast-seo-wordpress\/ -->\n<title>Display iPhone 7 TFT: compatibile, di qualit\u00e0, con spedizione 24H<\/title>\n<meta name=\"description\" content=\"Display iPhone 7 TFT: compatibile e garantito. Prodotti di qualit\u00e0, disponibili con spedizione 24H. Entra e scopri tutti i prodotti!\" \/>\n<meta name=\"robots\" content=\"index, follow, max-snippet:-1, max-image-preview:large, max-video-preview:-1\" \/>\n<link rel=\"canonical\" href=\"https:\/\/www.smartexstore.it\/b2b\/prodotto\/display\/iphone-lcd\/display-in-cell-iphone\/display-iphone-7-tft-nero-a-singolo-strato-in-cell-ty-bettery\/\" \/>\n<meta property=\"og:locale\" content=\"it_IT\" \/>\n<meta property=\"og:type\" content=\"article\" \/>\n<meta property=\"og:title\" content=\"Display iPhone 7 TFT: compatibile, di qualit\u00e0, con spedizione 24H\" \/>\n<meta property=\"og:description\" content=\"Display iPhone 7 TFT: compatibile e garantito. Prodotti di qualit\u00e0, disponibili con spedizione 24H. Entra e scopri tutti i prodotti!\" \/>\n<meta property=\"og:url\" content=\"https:\/\/www.smartexstore.it\/b2b\/prodotto\/display\/iphone-lcd\/display-in-cell-iphone\/display-iphone-7-tft-nero-a-singolo-strato-in-cell-ty-bettery\/\" \/>\n<meta property=\"og:site_name\" content=\"B2B Smartex Store\" \/>\n<meta property=\"article:publisher\" content=\"https:\/\/www.facebook.com\/smartexstore\/\" \/>\n<meta property=\"article:modified_time\" content=\"2025-02-14T14:14:30+00:00\" \/>\n<meta property=\"og:image\" content=\"https:\/\/www.smartexstore.it\/b2b\/wp-content\/uploads\/2022\/10\/iPhone-7-front-TY.jpg\" \/>\n\t<meta property=\"og:image:width\" content=\"1200\" \/>\n\t<meta property=\"og:image:height\" content=\"1200\" \/>\n\t<meta property=\"og:image:type\" content=\"image\/jpeg\" \/>\n<meta name=\"twitter:card\" content=\"summary_large_image\" \/>\n<meta name=\"twitter:label1\" content=\"Tempo di lettura stimato\" \/>\n\t<meta name=\"twitter:data1\" content=\"2 minuti\" \/>\n<script type=\"application\/ld+json\" class=\"yoast-schema-graph\">{\"@context\":\"https:\/\/schema.org\",\"@graph\":[{\"@type\":\"WebPage\",\"@id\":\"https:\/\/www.smartexstore.it\/b2b\/prodotto\/display\/iphone-lcd\/display-in-cell-iphone\/display-iphone-7-tft-nero-a-singolo-strato-in-cell-ty-bettery\/\",\"url\":\"https:\/\/www.smartexstore.it\/b2b\/prodotto\/display\/iphone-lcd\/display-in-cell-iphone\/display-iphone-7-tft-nero-a-singolo-strato-in-cell-ty-bettery\/\",\"name\":\"Display iPhone 7 TFT: compatibile, di qualit\u00e0, con spedizione 24H\",\"isPartOf\":{\"@id\":\"https:\/\/www.smartexstore.it\/b2b\/#website\"},\"primaryImageOfPage\":{\"@id\":\"https:\/\/www.smartexstore.it\/b2b\/prodotto\/display\/iphone-lcd\/display-in-cell-iphone\/display-iphone-7-tft-nero-a-singolo-strato-in-cell-ty-bettery\/#primaryimage\"},\"image\":{\"@id\":\"https:\/\/www.smartexstore.it\/b2b\/prodotto\/display\/iphone-lcd\/display-in-cell-iphone\/display-iphone-7-tft-nero-a-singolo-strato-in-cell-ty-bettery\/#primaryimage\"},\"thumbnailUrl\":\"https:\/\/www.smartexstore.it\/b2b\/wp-content\/uploads\/2022\/10\/iPhone-7-front-TY.jpg\",\"datePublished\":\"2022-10-27T13:15:21+00:00\",\"dateModified\":\"2025-02-14T14:14:30+00:00\",\"description\":\"Display iPhone 7 TFT: compatibile e garantito. Prodotti di qualit\u00e0, disponibili con spedizione 24H. Entra e scopri tutti i prodotti!\",\"breadcrumb\":{\"@id\":\"https:\/\/www.smartexstore.it\/b2b\/prodotto\/display\/iphone-lcd\/display-in-cell-iphone\/display-iphone-7-tft-nero-a-singolo-strato-in-cell-ty-bettery\/#breadcrumb\"},\"inLanguage\":\"it-IT\",\"potentialAction\":[{\"@type\":\"ReadAction\",\"target\":[\"https:\/\/www.smartexstore.it\/b2b\/prodotto\/display\/iphone-lcd\/display-in-cell-iphone\/display-iphone-7-tft-nero-a-singolo-strato-in-cell-ty-bettery\/\"]}]},{\"@type\":\"ImageObject\",\"inLanguage\":\"it-IT\",\"@id\":\"https:\/\/www.smartexstore.it\/b2b\/prodotto\/display\/iphone-lcd\/display-in-cell-iphone\/display-iphone-7-tft-nero-a-singolo-strato-in-cell-ty-bettery\/#primaryimage\",\"url\":\"https:\/\/www.smartexstore.it\/b2b\/wp-content\/uploads\/2022\/10\/iPhone-7-front-TY.jpg\",\"contentUrl\":\"https:\/\/www.smartexstore.it\/b2b\/wp-content\/uploads\/2022\/10\/iPhone-7-front-TY.jpg\",\"width\":1200,\"height\":1200,\"caption\":\"Display iPhone 7 TFT\"},{\"@type\":\"BreadcrumbList\",\"@id\":\"https:\/\/www.smartexstore.it\/b2b\/prodotto\/display\/iphone-lcd\/display-in-cell-iphone\/display-iphone-7-tft-nero-a-singolo-strato-in-cell-ty-bettery\/#breadcrumb\",\"itemListElement\":[{\"@type\":\"ListItem\",\"position\":1,\"name\":\"Home\",\"item\":\"https:\/\/www.smartexstore.it\/b2b\/\"},{\"@type\":\"ListItem\",\"position\":2,\"name\":\"SHOP\",\"item\":\"https:\/\/www.smartexstore.it\/b2b\/\"},{\"@type\":\"ListItem\",\"position\":3,\"name\":\"Display iPhone 7 TFT (Nero) a singolo strato In-Cell TY BETTERY\"}]},{\"@type\":\"WebSite\",\"@id\":\"https:\/\/www.smartexstore.it\/b2b\/#website\",\"url\":\"https:\/\/www.smartexstore.it\/b2b\/\",\"name\":\"B2B Smartex Store\",\"description\":\"Ricambi per cellulari e accessori telefonia\",\"publisher\":{\"@id\":\"https:\/\/www.smartexstore.it\/b2b\/#organization\"},\"potentialAction\":[{\"@type\":\"SearchAction\",\"target\":{\"@type\":\"EntryPoint\",\"urlTemplate\":\"https:\/\/www.smartexstore.it\/b2b\/?s={search_term_string}\"},\"query-input\":{\"@type\":\"PropertyValueSpecification\",\"valueRequired\":true,\"valueName\":\"search_term_string\"}}],\"inLanguage\":\"it-IT\"},{\"@type\":\"Organization\",\"@id\":\"https:\/\/www.smartexstore.it\/b2b\/#organization\",\"name\":\"Recomm Srl\",\"url\":\"https:\/\/www.smartexstore.it\/b2b\/\",\"logo\":{\"@type\":\"ImageObject\",\"inLanguage\":\"it-IT\",\"@id\":\"https:\/\/www.smartexstore.it\/b2b\/#\/schema\/logo\/image\/\",\"url\":\"https:\/\/www.smartexstore.it\/b2b\/wp-content\/uploads\/2017\/02\/logosmartex_b2b-1.svg\",\"contentUrl\":\"https:\/\/www.smartexstore.it\/b2b\/wp-content\/uploads\/2017\/02\/logosmartex_b2b-1.svg\",\"caption\":\"Recomm Srl\"},\"image\":{\"@id\":\"https:\/\/www.smartexstore.it\/b2b\/#\/schema\/logo\/image\/\"},\"sameAs\":[\"https:\/\/www.facebook.com\/smartexstore\/\",\"https:\/\/www.instagram.com\/smartex_store\/\",\"https:\/\/www.youtube.com\/channel\/UCOMoER_fh_Hu14voGrTGULg\"]}]}<\/script>\n<!-- \/ Yoast SEO plugin. -->","yoast_head_json":{"title":"Display iPhone 7 TFT: compatibile, di qualit\u00e0, con spedizione 24H","description":"Display iPhone 7 TFT: compatibile e garantito. Prodotti di qualit\u00e0, disponibili con spedizione 24H. Entra e scopri tutti i prodotti!","robots":{"index":"index","follow":"follow","max-snippet":"max-snippet:-1","max-image-preview":"max-image-preview:large","max-video-preview":"max-video-preview:-1"},"canonical":"https:\/\/www.smartexstore.it\/b2b\/prodotto\/display\/iphone-lcd\/display-in-cell-iphone\/display-iphone-7-tft-nero-a-singolo-strato-in-cell-ty-bettery\/","og_locale":"it_IT","og_type":"article","og_title":"Display iPhone 7 TFT: compatibile, di qualit\u00e0, con spedizione 24H","og_description":"Display iPhone 7 TFT: compatibile e garantito. Prodotti di qualit\u00e0, disponibili con spedizione 24H. Entra e scopri tutti i prodotti!","og_url":"https:\/\/www.smartexstore.it\/b2b\/prodotto\/display\/iphone-lcd\/display-in-cell-iphone\/display-iphone-7-tft-nero-a-singolo-strato-in-cell-ty-bettery\/","og_site_name":"B2B Smartex Store","article_publisher":"https:\/\/www.facebook.com\/smartexstore\/","article_modified_time":"2025-02-14T14:14:30+00:00","og_image":[{"width":1200,"height":1200,"url":"https:\/\/www.smartexstore.it\/b2b\/wp-content\/uploads\/2022\/10\/iPhone-7-front-TY.jpg","type":"image\/jpeg"}],"twitter_card":"summary_large_image","twitter_misc":{"Tempo di lettura stimato":"2 minuti"},"schema":{"@context":"https:\/\/schema.org","@graph":[{"@type":"WebPage","@id":"https:\/\/www.smartexstore.it\/b2b\/prodotto\/display\/iphone-lcd\/display-in-cell-iphone\/display-iphone-7-tft-nero-a-singolo-strato-in-cell-ty-bettery\/","url":"https:\/\/www.smartexstore.it\/b2b\/prodotto\/display\/iphone-lcd\/display-in-cell-iphone\/display-iphone-7-tft-nero-a-singolo-strato-in-cell-ty-bettery\/","name":"Display iPhone 7 TFT: compatibile, di qualit\u00e0, con spedizione 24H","isPartOf":{"@id":"https:\/\/www.smartexstore.it\/b2b\/#website"},"primaryImageOfPage":{"@id":"https:\/\/www.smartexstore.it\/b2b\/prodotto\/display\/iphone-lcd\/display-in-cell-iphone\/display-iphone-7-tft-nero-a-singolo-strato-in-cell-ty-bettery\/#primaryimage"},"image":{"@id":"https:\/\/www.smartexstore.it\/b2b\/prodotto\/display\/iphone-lcd\/display-in-cell-iphone\/display-iphone-7-tft-nero-a-singolo-strato-in-cell-ty-bettery\/#primaryimage"},"thumbnailUrl":"https:\/\/www.smartexstore.it\/b2b\/wp-content\/uploads\/2022\/10\/iPhone-7-front-TY.jpg","datePublished":"2022-10-27T13:15:21+00:00","dateModified":"2025-02-14T14:14:30+00:00","description":"Display iPhone 7 TFT: compatibile e garantito. Prodotti di qualit\u00e0, disponibili con spedizione 24H. Entra e scopri tutti i prodotti!","breadcrumb":{"@id":"https:\/\/www.smartexstore.it\/b2b\/prodotto\/display\/iphone-lcd\/display-in-cell-iphone\/display-iphone-7-tft-nero-a-singolo-strato-in-cell-ty-bettery\/#breadcrumb"},"inLanguage":"it-IT","potentialAction":[{"@type":"ReadAction","target":["https:\/\/www.smartexstore.it\/b2b\/prodotto\/display\/iphone-lcd\/display-in-cell-iphone\/display-iphone-7-tft-nero-a-singolo-strato-in-cell-ty-bettery\/"]}]},{"@type":"ImageObject","inLanguage":"it-IT","@id":"https:\/\/www.smartexstore.it\/b2b\/prodotto\/display\/iphone-lcd\/display-in-cell-iphone\/display-iphone-7-tft-nero-a-singolo-strato-in-cell-ty-bettery\/#primaryimage","url":"https:\/\/www.smartexstore.it\/b2b\/wp-content\/uploads\/2022\/10\/iPhone-7-front-TY.jpg","contentUrl":"https:\/\/www.smartexstore.it\/b2b\/wp-content\/uploads\/2022\/10\/iPhone-7-front-TY.jpg","width":1200,"height":1200,"caption":"Display iPhone 7 TFT"},{"@type":"BreadcrumbList","@id":"https:\/\/www.smartexstore.it\/b2b\/prodotto\/display\/iphone-lcd\/display-in-cell-iphone\/display-iphone-7-tft-nero-a-singolo-strato-in-cell-ty-bettery\/#breadcrumb","itemListElement":[{"@type":"ListItem","position":1,"name":"Home","item":"https:\/\/www.smartexstore.it\/b2b\/"},{"@type":"ListItem","position":2,"name":"SHOP","item":"https:\/\/www.smartexstore.it\/b2b\/"},{"@type":"ListItem","position":3,"name":"Display iPhone 7 TFT (Nero) a singolo strato In-Cell TY BETTERY"}]},{"@type":"WebSite","@id":"https:\/\/www.smartexstore.it\/b2b\/#website","url":"https:\/\/www.smartexstore.it\/b2b\/","name":"B2B Smartex Store","description":"Ricambi per cellulari e accessori telefonia","publisher":{"@id":"https:\/\/www.smartexstore.it\/b2b\/#organization"},"potentialAction":[{"@type":"SearchAction","target":{"@type":"EntryPoint","urlTemplate":"https:\/\/www.smartexstore.it\/b2b\/?s={search_term_string}"},"query-input":{"@type":"PropertyValueSpecification","valueRequired":true,"valueName":"search_term_string"}}],"inLanguage":"it-IT"},{"@type":"Organization","@id":"https:\/\/www.smartexstore.it\/b2b\/#organization","name":"Recomm Srl","url":"https:\/\/www.smartexstore.it\/b2b\/","logo":{"@type":"ImageObject","inLanguage":"it-IT","@id":"https:\/\/www.smartexstore.it\/b2b\/#\/schema\/logo\/image\/","url":"https:\/\/www.smartexstore.it\/b2b\/wp-content\/uploads\/2017\/02\/logosmartex_b2b-1.svg","contentUrl":"https:\/\/www.smartexstore.it\/b2b\/wp-content\/uploads\/2017\/02\/logosmartex_b2b-1.svg","caption":"Recomm Srl"},"image":{"@id":"https:\/\/www.smartexstore.it\/b2b\/#\/schema\/logo\/image\/"},"sameAs":["https:\/\/www.facebook.com\/smartexstore\/","https:\/\/www.instagram.com\/smartex_store\/","https:\/\/www.youtube.com\/channel\/UCOMoER_fh_Hu14voGrTGULg"]}]}},"_links":{"self":[{"href":"https:\/\/www.smartexstore.it\/b2b\/wp-json\/wp\/v2\/product\/134945","targetHints":{"allow":["GET"]}}],"collection":[{"href":"https:\/\/www.smartexstore.it\/b2b\/wp-json\/wp\/v2\/product"}],"about":[{"href":"https:\/\/www.smartexstore.it\/b2b\/wp-json\/wp\/v2\/types\/product"}],"replies":[{"embeddable":true,"href":"https:\/\/www.smartexstore.it\/b2b\/wp-json\/wp\/v2\/comments?post=134945"}],"wp:featuredmedia":[{"embeddable":true,"href":"https:\/\/www.smartexstore.it\/b2b\/wp-json\/wp\/v2\/media\/135954"}],"wp:attachment":[{"href":"https:\/\/www.smartexstore.it\/b2b\/wp-json\/wp\/v2\/media?parent=134945"}],"wp:term":[{"taxonomy":"product_brand","embeddable":true,"href":"https:\/\/www.smartexstore.it\/b2b\/wp-json\/wp\/v2\/product_brand?post=134945"},{"taxonomy":"product_cat","embeddable":true,"href":"https:\/\/www.smartexstore.it\/b2b\/wp-json\/wp\/v2\/product_cat?post=134945"},{"taxonomy":"product_tag","embeddable":true,"href":"https:\/\/www.smartexstore.it\/b2b\/wp-json\/wp\/v2\/product_tag?post=134945"}],"curies":[{"name":"wp","href":"https:\/\/api.w.org\/{rel}","templated":true}]}}